{"id":8299,"date":"2023-05-04T08:50:07","date_gmt":"2023-05-04T06:50:07","guid":{"rendered":"https:\/\/specialcoffee.cz\/store\/?post_type=product&#038;p=8299"},"modified":"2024-08-09T14:25:53","modified_gmt":"2024-08-09T12:25:53","slug":"espresso-pody-cremoso-2","status":"publish","type":"product","link":"https:\/\/specialcoffee.cz\/store\/produkt\/espresso-pody-cremoso-2\/","title":{"rendered":"Espresso Pody Cremoso"},"content":{"rendered":"<p>&#8220;Vyrobeno v Sic\u00edlii od Miscela d\u2019Oro&#8221; Intenzivn\u00ed a sladk\u00fd charakter, obaluj\u00edc\u00ed sm\u011bs obohacen\u00e1 o vynikaj\u00edc\u00ed kompaktn\u00ed a rozpl\u00fdvaj\u00edc\u00ed se kr\u00e9m. Chu\u0165, kter\u00e1 se na pat\u0159e rozl\u00e9v\u00e1 s lik\u00e9rovou sladkost\u00ed, umocn\u011bnou siln\u00fdmi a \u0161tiplav\u00fdmi t\u00f3ny tab\u00e1ku a l\u00e9ko\u0159ice, kter\u00e9 se v z\u00e1v\u011bru otev\u00edraj\u00ed p\u0159\u00edjemn\u00e9 \u010dokol\u00e1dov\u00e9 dochuti. V\u00fdsledkem \u0159emesln\u00e9ho pra\u017een\u00ed je k\u00e1va pro dokonal\u00e9 milovn\u00edky, zvl\u00e1\u0161tn\u00ed vyvrcholen\u00ed ka\u017ed\u00e9ho okam\u017eiku hodn\u00e9 absolutn\u00edho pot\u011b\u0161en\u00ed.<\/p>\n","protected":false},"excerpt":{"rendered":"<p><strong>ESPRESSO ESE PODY CREMOSO<\/strong><\/p>\n<p>Cremoso je sm\u011bs s bohat\u00fdm a intenzivn\u00edm aroma,<br \/>\npln\u00fdm t\u011blem a sametov\u00fdm kr\u00e9mem.<\/p>\n","protected":false},"featured_media":8294,"comment_status":"open","ping_status":"closed","template":"","meta":[],"etheme_brands":[{"term_id":121,"name":"Special Coffee","slug":"special-coffee","term_group":0,"term_taxonomy_id":121,"taxonomy":"brand","description":"","parent":0,"count":4,"filter":"raw"}],"product_cat":[86,88,82,85],"product_tag":[],"class_list":{"0":"post-8299","1":"product","2":"type-product","3":"status-publish","4":"has-post-thumbnail","6":"brand-special-coffee","7":"product_cat-do-kancelare","8":"product_cat-kapsle-a-pody-do-kancelare","9":"product_cat-kava-doma","10":"product_cat-kapsle-a-pody-kava-doma","12":"first","13":"instock","14":"taxable","15":"shipping-taxable","16":"purchasable","17":"product-type-variable"},"_links":{"self":[{"href":"https:\/\/specialcoffee.cz\/store\/wp-json\/wp\/v2\/product\/8299","targetHints":{"allow":["GET"]}}],"collection":[{"href":"https:\/\/specialcoffee.cz\/store\/wp-json\/wp\/v2\/product"}],"about":[{"href":"https:\/\/specialcoffee.cz\/store\/wp-json\/wp\/v2\/types\/product"}],"replies":[{"embeddable":true,"href":"https:\/\/specialcoffee.cz\/store\/wp-json\/wp\/v2\/comments?post=8299"}],"version-history":[{"count":1,"href":"https:\/\/specialcoffee.cz\/store\/wp-json\/wp\/v2\/product\/8299\/revisions"}],"predecessor-version":[{"id":8303,"href":"https:\/\/specialcoffee.cz\/store\/wp-json\/wp\/v2\/product\/8299\/revisions\/8303"}],"wp:featuredmedia":[{"embeddable":true,"href":"https:\/\/specialcoffee.cz\/store\/wp-json\/wp\/v2\/media\/8294"}],"wp:attachment":[{"href":"https:\/\/specialcoffee.cz\/store\/wp-json\/wp\/v2\/media?parent=8299"}],"wp:term":[{"taxonomy":"brand","embeddable":true,"href":"https:\/\/specialcoffee.cz\/store\/wp-json\/wp\/v2\/etheme_brands?post=8299"},{"taxonomy":"product_cat","embeddable":true,"href":"https:\/\/specialcoffee.cz\/store\/wp-json\/wp\/v2\/product_cat?post=8299"},{"taxonomy":"product_tag","embeddable":true,"href":"https:\/\/specialcoffee.cz\/store\/wp-json\/wp\/v2\/product_tag?post=8299"}],"curies":[{"name":"wp","href":"https:\/\/api.w.org\/{rel}","templated":true}]}}