{"id":7788,"date":"2023-03-30T17:08:37","date_gmt":"2023-03-30T15:08:37","guid":{"rendered":"https:\/\/specialcoffee.cz\/store\/?post_type=product&#038;p=7788"},"modified":"2023-06-01T00:15:39","modified_gmt":"2023-05-31T22:15:39","slug":"finca","status":"publish","type":"product","link":"https:\/\/specialcoffee.cz\/store\/produkt\/finca\/","title":{"rendered":"Mlet\u00e1 k\u00e1va &#8220;Finca 250 g&#8221;"},"content":{"rendered":"<p>Zrna pou\u017eit\u00e1 pro k\u00e1vu 100% Arabica Finca poch\u00e1zej\u00ed z hor St\u0159edn\u00ed Ameriky, kde nadmo\u0159sk\u00e1 v\u00fd\u0161ka, tropick\u00e9 klima a dostatek sr\u00e1\u017eek vytv\u00e1\u0159ej\u00ed ide\u00e1ln\u00ed podm\u00ednky pro o\u017eiven\u00ed k\u00e1vy mimo\u0159\u00e1dn\u00e9 aromatick\u00e9 komplexnosti.<\/p>\n<p>Tato velmi speci\u00e1ln\u00ed sm\u011bs oslavuje ne\u00fanavnou pr\u00e1ci st\u0159edoamerick\u00fdch p\u011bstitel\u016f k\u00e1vy, kte\u0159\u00ed jsou obzvl\u00e1\u0161t\u011b zru\u010dn\u00ed v \u010dek\u00e1n\u00ed na spr\u00e1vn\u00fd okam\u017eik ke sb\u011bru bobul\u00ed, kdy\u017e jsou dostate\u010dn\u011b zral\u00e9. Z\u00e1kladn\u00ed \u010dinnost pro zaji\u0161t\u011bn\u00ed r\u016fstu fazol\u00ed nejvy\u0161\u0161\u00ed kvality.<\/p>\n<p>Spojen\u00ed t\u00e9 nejlep\u0161\u00ed Arabiky ze zem\u00ed St\u0159edn\u00ed Ameriky d\u00e1v\u00e1 \u017eivot \u017eiv\u00e9mu a p\u0159ekvapiv\u00e9mu aromatick\u00e9mu setk\u00e1n\u00ed umocn\u011bn\u00e9mu jemn\u00fdmi kv\u011btinov\u00fdmi a karamelizovan\u00fdmi t\u00f3ny \u010dist\u00e9 a sladk\u00e9 k\u00e1vy. V\u00fdjime\u010dn\u00e1 k\u00e1va, kter\u00e1 slibuje, \u017ee rozvesel\u00ed ka\u017edou p\u0159est\u00e1vku na k\u00e1vu.<br \/>\nZ tajn\u00e9ho receptu Gaetana Aiella<\/p>\n<p>K\u00e1va 100% Arabica Finca pokra\u010duje ve slavn\u00e9 tradici sm\u011bs\u00ed inspirovan\u00fdch tajn\u00fdm receptem Gaetana Aiella, exkluzivn\u00ed alchymi\u00ed, kter\u00e1 stoj\u00ed u zrodu nenapodobiteln\u00e9 chuti ka\u017ed\u00e9 z na\u0161ich sm\u011bs\u00ed.<\/p>\n<p>Ochutnejte tak\u00e9 dal\u0161\u00ed receptury k\u00e1vov\u00e9ho pr\u00e1\u0161ku a zrn podepsan\u00e9 Caff\u00e8 Aiello pro moka konvi\u010dky a dom\u00e1c\u00ed espresso stroje. \u010cek\u00e1 v\u00e1s smyslov\u00e1 cesta pln\u00e1 v\u016fn\u00ed a v\u0161eho, co si m\u016f\u017eete u\u017e\u00edt.<\/p>\n","protected":false},"excerpt":{"rendered":"<p><strong>FINCA MLET\u00c1 K\u00c1VA V PLECHOVCE &#8220;100% ARABICA&#8221;<\/strong><\/p>\n<p>Nechte se uchv\u00e1tit k\u00e1vou 100% Arabica Finca, elegantn\u00ed sm\u011bs\u00ed s bohat\u00fdm t\u011blem, kter\u00e9 uvol\u0148uje vysoce aromatick\u00e9 t\u00f3ny schopn\u00e9 p\u0159in\u00e9st kv\u011btinovou a karamelizovanou chu\u0165. Poch\u00e1z\u00ed ze vz\u00e1cn\u00fdch zrn Arabica, kter\u00e1 maj\u00ed sv\u00e9 ko\u0159eny v srdci St\u0159edn\u00ed Ameriky.<\/p>\n<p>\u2713 Bohat\u00e9 t\u011blo.<\/p>\n<p>\u2713 Kv\u011btinov\u00e1 a karamelizovan\u00e1 chu\u0165.<\/p>\n<p>\u2713 P\u0159\u00edjemn\u00e9 zakon\u010den\u00ed.<\/p>\n<p>D\u00f3za pojme 250 g vysoce kvalitn\u00ed mlet\u00e9 \u200b\u200bk\u00e1vy. Konkr\u00e9tn\u00ed n\u00e1doba p\u0159edstavuje praktick\u00e9 a efektivn\u00ed \u0159e\u0161en\u00ed pro udr\u017een\u00ed stejn\u00e9 \u010derstvosti v pr\u016fb\u011bhu \u010dasu.<\/p>\n<p>Mlet\u00ed Finca je perfektn\u00ed pro moka konvi\u010dku, ale je tak\u00e9 vhodn\u00e9 pro p\u0159\u00edpravu filtrovan\u00e9 k\u00e1vy a dom\u00e1c\u00edch espresso stroj\u016f. U\u017eijte si jej\u00ed lahodnou chu\u0165 tak, jak ji m\u00e1te r\u00e1di.<\/p>\n<p><img loading=\"lazy\" decoding=\"async\" class=\"alignnone size-full wp-image-7793\" src=\"https:\/\/specialcoffee.cz\/store\/wp-content\/uploads\/2023\/03\/finca_caratterisstiche-548x200-1.jpg\" alt=\"\" width=\"548\" height=\"200\" srcset=\"https:\/\/specialcoffee.cz\/store\/wp-content\/uploads\/2023\/03\/finca_caratterisstiche-548x200-1.jpg 548w, https:\/\/specialcoffee.cz\/store\/wp-content\/uploads\/2023\/03\/finca_caratterisstiche-548x200-1-300x109.jpg 300w, https:\/\/specialcoffee.cz\/store\/wp-content\/uploads\/2023\/03\/finca_caratterisstiche-548x200-1-1x1.jpg 1w, https:\/\/specialcoffee.cz\/store\/wp-content\/uploads\/2023\/03\/finca_caratterisstiche-548x200-1-10x4.jpg 10w\" sizes=\"auto, (max-width: 548px) 100vw, 548px\" \/><\/p>\n","protected":false},"featured_media":7810,"comment_status":"open","ping_status":"closed","template":"","meta":[],"etheme_brands":[{"term_id":117,"name":"Aiello","slug":"aiello","term_group":0,"term_taxonomy_id":117,"taxonomy":"brand","description":"","parent":0,"count":22,"filter":"raw"}],"product_cat":[82,84],"product_tag":[],"class_list":{"0":"post-7788","1":"product","2":"type-product","3":"status-publish","4":"has-post-thumbnail","6":"brand-aiello","7":"product_cat-kava-doma","8":"product_cat-mleta-kava-kava-doma","10":"first","11":"instock","12":"taxable","13":"shipping-taxable","14":"purchasable","15":"product-type-simple"},"_links":{"self":[{"href":"https:\/\/specialcoffee.cz\/store\/wp-json\/wp\/v2\/product\/7788","targetHints":{"allow":["GET"]}}],"collection":[{"href":"https:\/\/specialcoffee.cz\/store\/wp-json\/wp\/v2\/product"}],"about":[{"href":"https:\/\/specialcoffee.cz\/store\/wp-json\/wp\/v2\/types\/product"}],"replies":[{"embeddable":true,"href":"https:\/\/specialcoffee.cz\/store\/wp-json\/wp\/v2\/comments?post=7788"}],"version-history":[{"count":6,"href":"https:\/\/specialcoffee.cz\/store\/wp-json\/wp\/v2\/product\/7788\/revisions"}],"predecessor-version":[{"id":8330,"href":"https:\/\/specialcoffee.cz\/store\/wp-json\/wp\/v2\/product\/7788\/revisions\/8330"}],"wp:featuredmedia":[{"embeddable":true,"href":"https:\/\/specialcoffee.cz\/store\/wp-json\/wp\/v2\/media\/7810"}],"wp:attachment":[{"href":"https:\/\/specialcoffee.cz\/store\/wp-json\/wp\/v2\/media?parent=7788"}],"wp:term":[{"taxonomy":"brand","embeddable":true,"href":"https:\/\/specialcoffee.cz\/store\/wp-json\/wp\/v2\/etheme_brands?post=7788"},{"taxonomy":"product_cat","embeddable":true,"href":"https:\/\/specialcoffee.cz\/store\/wp-json\/wp\/v2\/product_cat?post=7788"},{"taxonomy":"product_tag","embeddable":true,"href":"https:\/\/specialcoffee.cz\/store\/wp-json\/wp\/v2\/product_tag?post=7788"}],"curies":[{"name":"wp","href":"https:\/\/api.w.org\/{rel}","templated":true}]}}

Mletá káva &#8220;Finca 250 g&#8221;

<p>Zrna použitá pro kávu 100% Arabica Finca pocházejí z hor Střední Ameriky, kde nadmořská výška, tropické klima a dostatek srážek vytvářejí ideální podmínky pro oživení kávy mimořádné aromatické komplexnosti.</p>
<p>Tato velmi speciální směs oslavuje neúnavnou práci středoamerických pěstitelů kávy, kteří jsou obzvláště zruční v čekání na správný okamžik ke sběru bobulí, když jsou dostatečně zralé. Základní činnost pro zajištění růstu fazolí nejvyšší kvality.</p>
<p>Spojení té nejlepší Arabiky ze zemí Střední Ameriky dává život živému a překvapivému aromatickému setkání umocněnému jemnými květinovými a karamelizovanými tóny čisté a sladké kávy. Výjimečná káva, která slibuje, že rozveselí každou přestávku na kávu.<br />
Z tajného receptu Gaetana Aiella</p>
<p>Káva 100% Arabica Finca pokračuje ve slavné tradici směsí inspirovaných tajným receptem Gaetana Aiella, exkluzivní alchymií, která stojí u zrodu nenapodobitelné chuti každé z našich směsí.</p>
<p>Ochutnejte také další receptury kávového prášku a zrn podepsané Caffè Aiello pro moka konvičky a domácí espresso stroje. Čeká vás smyslová cesta plná vůní a všeho, co si můžete užít.</p>

<p><strong>FINCA MLETÁ KÁVA V PLECHOVCE &#8220;100% ARABICA&#8221;</strong></p>
<p>Nechte se uchvátit kávou 100% Arabica Finca, elegantní směsí s bohatým tělem, které uvolňuje vysoce aromatické tóny schopné přinést květinovou a karamelizovanou chuť. Pochází ze vzácných zrn Arabica, která mají své kořeny v srdci Střední Ameriky.</p>
<p>✓ Bohaté tělo.</p>
<p>✓ Květinová a karamelizovaná chuť.</p>
<p>✓ Příjemné zakončení.</p>
<p>Dóza pojme 250 g vysoce kvalitní mleté ​​kávy. Konkrétní nádoba představuje praktické a efektivní řešení pro udržení stejné čerstvosti v průběhu času.</p>
<p>Mletí Finca je perfektní pro moka konvičku, ale je také vhodné pro přípravu filtrované kávy a domácích espresso strojů. Užijte si její lahodnou chuť tak, jak ji máte rádi.</p>
<p><img loading="lazy" decoding="async" class="alignnone size-full wp-image-7793" src="https://specialcoffee.cz/store/wp-content/uploads/2023/03/finca_caratterisstiche-548x200-1.jpg" alt="" width="548" height="200" srcset="https://specialcoffee.cz/store/wp-content/uploads/2023/03/finca_caratterisstiche-548x200-1.jpg 548w, https://specialcoffee.cz/store/wp-content/uploads/2023/03/finca_caratterisstiche-548x200-1-300x109.jpg 300w, https://specialcoffee.cz/store/wp-content/uploads/2023/03/finca_caratterisstiche-548x200-1-1x1.jpg 1w, https://specialcoffee.cz/store/wp-content/uploads/2023/03/finca_caratterisstiche-548x200-1-10x4.jpg 10w" sizes="auto, (max-width: 548px) 100vw, 548px" /></p>
