{"id":7567,"date":"2023-03-29T13:34:59","date_gmt":"2023-03-29T11:34:59","guid":{"rendered":"https:\/\/specialcoffee.cz\/store\/?post_type=product&#038;p=7567"},"modified":"2023-05-19T11:01:46","modified_gmt":"2023-05-19T09:01:46","slug":"crema-ml","status":"publish","type":"product","link":"https:\/\/specialcoffee.cz\/store\/produkt\/crema-ml\/","title":{"rendered":"\u010cerstv\u00e1 mlet\u00e1 k\u00e1va &#8220;Crema 250 g&#8221;"},"content":{"rendered":"<p>Za\u010d\u00edt den povzbuzen\u00edm k\u00e1vy espresso je nejlep\u0161\u00ed zp\u016fsob, jak l\u00e9pe \u010delit ka\u017edodenn\u00edm z\u00e1vazk\u016fm, se sprintem, kter\u00fd dok\u00e1\u017ee poskytnout pouze kofein. Opravdu nem\u016f\u017eete dostat palivo, ani\u017e by v\u00e1m v t\u011ble kolovala d\u00e1vka espressa? Pokud je odpov\u011b\u010f ano, pak je Crema Blend p\u0159esn\u011b to, co pot\u0159ebujete: ve\u0161kerou energii krupi\u010dnat\u00e9 k\u00e1vy s jedine\u010dnou a nezam\u011bnitelnou chut\u00ed, kter\u00e1 dok\u00e1\u017ee uspokojit i ty nejn\u00e1ro\u010dn\u011bj\u0161\u00ed chut\u011b i ty nejn\u00e1ro\u010dn\u011bj\u0161\u00ed milovn\u00edky k\u00e1vy.<\/p>\n<p>Sta\u010d\u00ed \u0161\u00e1lek sm\u011bsi Espresso Blend a zlom nast\u00e1v\u00e1: vyberte si svou obl\u00edbenou denn\u00ed n\u00e1pl\u0148 a vychutnejte si ji kdykoli b\u011bhem dne!<\/p>\n<p>Sm\u011bs<br \/>\nCaff\u00e8 Aiello nab\u00edz\u00ed Crema Blend, kter\u00e1 ji\u017e po prvn\u00edm dou\u0161ku odkazuje na aroma k\u00e1vy par excellence, t\u00e9 vyroben\u00e9 z prvot\u0159\u00eddn\u00edch kvalitn\u00edch surovin a kter\u00e1 je rozhodn\u011b nep\u0159ekonateln\u00e1. Vyberte si, pokud chcete:<\/p>\n<p>drsn\u00e1, siln\u00e1 k\u00e1va s intenzivn\u00ed a energizuj\u00edc\u00ed chut\u00ed;<br \/>\nka\u017edodenn\u00ed pot\u011b\u0161en\u00ed, kter\u00e9 m\u016f\u017ee prov\u00e1zet i ty nejstresov\u011bj\u0161\u00ed chv\u00edle;<br \/>\nzdrav\u00fd a origin\u00e1ln\u00ed v\u00fdrobek Made in Italy, kter\u00fd sotva zklame o\u010dek\u00e1v\u00e1n\u00ed.<br \/>\nCrema Blend je d\u00e1rek, kter\u00fd m\u016f\u017eete d\u00e1t t\u011bm, kte\u0159\u00ed miluj\u00ed spr\u00e1vn\u011b uva\u0159enou k\u00e1vu, kter\u00e1 nem\u011bn\u00ed svou chu\u0165, pokud je vyrobena doma a ne v baru. N\u00e1boj, adrenalin a intenzita z\u016fst\u00e1vaj\u00ed stejn\u00e9: co se m\u011bn\u00ed, je fakt, \u017ee nen\u00ed nutn\u00e9 se hnout na krok od domova \u010di kancel\u00e1\u0159e!<\/p>\n","protected":false},"excerpt":{"rendered":"<p><strong>CREMA \u010cERSTV\u00c1 MLET\u00c1 K\u00c1VA<\/strong><\/p>\n<p>Crema je sm\u011bs 250 g v softpacku s ventilem pro \u00fasporu \u010derstvosti.<\/p>\n<p>Caff\u00e8 Aiello vytvo\u0159ilo sm\u011bs Crema, abyste si vychutnali starod\u00e1vn\u00e9 pot\u011b\u0161en\u00ed z k\u00e1vy ve jm\u00e9nu nejlep\u0161\u00ed italsk\u00e9 tradice a obnovili ji, abyste z\u00edskali sv\u011bt opravdov\u00e9 dobroty.<\/p>\n<p>\u2713 100% italsk\u00e1 kvalita;<br \/>\n\u2713 Pln\u00e1 a intenzivn\u00ed chu\u0165;<br \/>\n\u2713 Speci\u00e1ln\u00ed ventil pro \u00fasporu \u010derstvosti.<\/p>\n<p>Nejlep\u0161\u00ed zp\u016fsob, jak ochutnat italskou k\u00e1vu par excellence, vychutnat si v\u0161echny jej\u00ed zdrav\u00e9 a prav\u00e9 str\u00e1nky.<\/p>\n<p><img loading=\"lazy\" decoding=\"async\" class=\"alignnone size-full wp-image-7572\" src=\"https:\/\/specialcoffee.cz\/store\/wp-content\/uploads\/2023\/03\/crema250_caratterisstiche-548x200-2.jpg\" alt=\"\" width=\"548\" height=\"200\" srcset=\"https:\/\/specialcoffee.cz\/store\/wp-content\/uploads\/2023\/03\/crema250_caratterisstiche-548x200-2.jpg 548w, https:\/\/specialcoffee.cz\/store\/wp-content\/uploads\/2023\/03\/crema250_caratterisstiche-548x200-2-300x109.jpg 300w, https:\/\/specialcoffee.cz\/store\/wp-content\/uploads\/2023\/03\/crema250_caratterisstiche-548x200-2-1x1.jpg 1w, https:\/\/specialcoffee.cz\/store\/wp-content\/uploads\/2023\/03\/crema250_caratterisstiche-548x200-2-10x4.jpg 10w\" sizes=\"auto, (max-width: 548px) 100vw, 548px\" \/><\/p>\n","protected":false},"featured_media":7568,"comment_status":"open","ping_status":"closed","template":"","meta":[],"etheme_brands":[{"term_id":117,"name":"Aiello","slug":"aiello","term_group":0,"term_taxonomy_id":117,"taxonomy":"brand","description":"","parent":0,"count":22,"filter":"raw"}],"product_cat":[82,84],"product_tag":[],"class_list":{"0":"post-7567","1":"product","2":"type-product","3":"status-publish","4":"has-post-thumbnail","6":"brand-aiello","7":"product_cat-kava-doma","8":"product_cat-mleta-kava-kava-doma","10":"first","11":"instock","12":"taxable","13":"shipping-taxable","14":"purchasable","15":"product-type-simple"},"_links":{"self":[{"href":"https:\/\/specialcoffee.cz\/store\/wp-json\/wp\/v2\/product\/7567","targetHints":{"allow":["GET"]}}],"collection":[{"href":"https:\/\/specialcoffee.cz\/store\/wp-json\/wp\/v2\/product"}],"about":[{"href":"https:\/\/specialcoffee.cz\/store\/wp-json\/wp\/v2\/types\/product"}],"replies":[{"embeddable":true,"href":"https:\/\/specialcoffee.cz\/store\/wp-json\/wp\/v2\/comments?post=7567"}],"version-history":[{"count":5,"href":"https:\/\/specialcoffee.cz\/store\/wp-json\/wp\/v2\/product\/7567\/revisions"}],"predecessor-version":[{"id":8331,"href":"https:\/\/specialcoffee.cz\/store\/wp-json\/wp\/v2\/product\/7567\/revisions\/8331"}],"wp:featuredmedia":[{"embeddable":true,"href":"https:\/\/specialcoffee.cz\/store\/wp-json\/wp\/v2\/media\/7568"}],"wp:attachment":[{"href":"https:\/\/specialcoffee.cz\/store\/wp-json\/wp\/v2\/media?parent=7567"}],"wp:term":[{"taxonomy":"brand","embeddable":true,"href":"https:\/\/specialcoffee.cz\/store\/wp-json\/wp\/v2\/etheme_brands?post=7567"},{"taxonomy":"product_cat","embeddable":true,"href":"https:\/\/specialcoffee.cz\/store\/wp-json\/wp\/v2\/product_cat?post=7567"},{"taxonomy":"product_tag","embeddable":true,"href":"https:\/\/specialcoffee.cz\/store\/wp-json\/wp\/v2\/product_tag?post=7567"}],"curies":[{"name":"wp","href":"https:\/\/api.w.org\/{rel}","templated":true}]}}

Čerstvá mletá káva &#8220;Crema 250 g&#8221;

<p>Začít den povzbuzením kávy espresso je nejlepší způsob, jak lépe čelit každodenním závazkům, se sprintem, který dokáže poskytnout pouze kofein. Opravdu nemůžete dostat palivo, aniž by vám v těle kolovala dávka espressa? Pokud je odpověď ano, pak je Crema Blend přesně to, co potřebujete: veškerou energii krupičnaté kávy s jedinečnou a nezaměnitelnou chutí, která dokáže uspokojit i ty nejnáročnější chutě i ty nejnáročnější milovníky kávy.</p>
<p>Stačí šálek směsi Espresso Blend a zlom nastává: vyberte si svou oblíbenou denní náplň a vychutnejte si ji kdykoli během dne!</p>
<p>Směs<br />
Caffè Aiello nabízí Crema Blend, která již po prvním doušku odkazuje na aroma kávy par excellence, té vyrobené z prvotřídních kvalitních surovin a která je rozhodně nepřekonatelná. Vyberte si, pokud chcete:</p>
<p>drsná, silná káva s intenzivní a energizující chutí;<br />
každodenní potěšení, které může provázet i ty nejstresovější chvíle;<br />
zdravý a originální výrobek Made in Italy, který sotva zklame očekávání.<br />
Crema Blend je dárek, který můžete dát těm, kteří milují správně uvařenou kávu, která nemění svou chuť, pokud je vyrobena doma a ne v baru. Náboj, adrenalin a intenzita zůstávají stejné: co se mění, je fakt, že není nutné se hnout na krok od domova či kanceláře!</p>

<p><strong>CREMA ČERSTVÁ MLETÁ KÁVA</strong></p>
<p>Crema je směs 250 g v softpacku s ventilem pro úsporu čerstvosti.</p>
<p>Caffè Aiello vytvořilo směs Crema, abyste si vychutnali starodávné potěšení z kávy ve jménu nejlepší italské tradice a obnovili ji, abyste získali svět opravdové dobroty.</p>
<p>✓ 100% italská kvalita;<br />
✓ Plná a intenzivní chuť;<br />
✓ Speciální ventil pro úsporu čerstvosti.</p>
<p>Nejlepší způsob, jak ochutnat italskou kávu par excellence, vychutnat si všechny její zdravé a pravé stránky.</p>
<p><img loading="lazy" decoding="async" class="alignnone size-full wp-image-7572" src="https://specialcoffee.cz/store/wp-content/uploads/2023/03/crema250_caratterisstiche-548x200-2.jpg" alt="" width="548" height="200" srcset="https://specialcoffee.cz/store/wp-content/uploads/2023/03/crema250_caratterisstiche-548x200-2.jpg 548w, https://specialcoffee.cz/store/wp-content/uploads/2023/03/crema250_caratterisstiche-548x200-2-300x109.jpg 300w, https://specialcoffee.cz/store/wp-content/uploads/2023/03/crema250_caratterisstiche-548x200-2-1x1.jpg 1w, https://specialcoffee.cz/store/wp-content/uploads/2023/03/crema250_caratterisstiche-548x200-2-10x4.jpg 10w" sizes="auto, (max-width: 548px) 100vw, 548px" /></p>
