{"id":7540,"date":"2023-03-28T13:30:56","date_gmt":"2023-03-28T11:30:56","guid":{"rendered":"https:\/\/specialcoffee.cz\/store\/?post_type=product&#038;p=7540"},"modified":"2023-04-13T13:04:35","modified_gmt":"2023-04-13T11:04:35","slug":"trtinovy-cukr-5-kg","status":"publish","type":"product","link":"https:\/\/specialcoffee.cz\/store\/produkt\/trtinovy-cukr-5-kg\/","title":{"rendered":"T\u0159tinov\u00fd cukr 5 kg"},"content":{"rendered":"","protected":false},"excerpt":{"rendered":"<p><strong>T\u0158TINOV\u00dd CUKR V S\u00c1\u010cC\u00cdCH<\/strong><\/p>\n<p>T\u0159tinov\u00fd cukr v s\u00e1\u010dc\u00edch,<br \/>\nkrabice 5 kg, 1250 s\u00e1\u010dk\u016f po 4 g.<\/p>\n","protected":false},"featured_media":7538,"comment_status":"open","ping_status":"closed","template":"","meta":[],"etheme_brands":[{"term_id":117,"name":"Aiello","slug":"aiello","term_group":0,"term_taxonomy_id":117,"taxonomy":"brand","description":"","parent":0,"count":22,"filter":"raw"}],"product_cat":[78,81],"product_tag":[],"class_list":{"0":"post-7540","1":"product","2":"type-product","3":"status-publish","4":"has-post-thumbnail","6":"brand-aiello","7":"product_cat-pro-kavarny","8":"product_cat-doplnkove-produkty-pro-kavarny","10":"first","11":"instock","12":"taxable","13":"shipping-taxable","14":"purchasable","15":"product-type-simple"},"_links":{"self":[{"href":"https:\/\/specialcoffee.cz\/store\/wp-json\/wp\/v2\/product\/7540","targetHints":{"allow":["GET"]}}],"collection":[{"href":"https:\/\/specialcoffee.cz\/store\/wp-json\/wp\/v2\/product"}],"about":[{"href":"https:\/\/specialcoffee.cz\/store\/wp-json\/wp\/v2\/types\/product"}],"replies":[{"embeddable":true,"href":"https:\/\/specialcoffee.cz\/store\/wp-json\/wp\/v2\/comments?post=7540"}],"version-history":[{"count":3,"href":"https:\/\/specialcoffee.cz\/store\/wp-json\/wp\/v2\/product\/7540\/revisions"}],"predecessor-version":[{"id":7553,"href":"https:\/\/specialcoffee.cz\/store\/wp-json\/wp\/v2\/product\/7540\/revisions\/7553"}],"wp:featuredmedia":[{"embeddable":true,"href":"https:\/\/specialcoffee.cz\/store\/wp-json\/wp\/v2\/media\/7538"}],"wp:attachment":[{"href":"https:\/\/specialcoffee.cz\/store\/wp-json\/wp\/v2\/media?parent=7540"}],"wp:term":[{"taxonomy":"brand","embeddable":true,"href":"https:\/\/specialcoffee.cz\/store\/wp-json\/wp\/v2\/etheme_brands?post=7540"},{"taxonomy":"product_cat","embeddable":true,"href":"https:\/\/specialcoffee.cz\/store\/wp-json\/wp\/v2\/product_cat?post=7540"},{"taxonomy":"product_tag","embeddable":true,"href":"https:\/\/specialcoffee.cz\/store\/wp-json\/wp\/v2\/product_tag?post=7540"}],"curies":[{"name":"wp","href":"https:\/\/api.w.org\/{rel}","templated":true}]}}