{"id":7530,"date":"2023-03-27T16:42:51","date_gmt":"2023-03-27T14:42:51","guid":{"rendered":"https:\/\/specialcoffee.cz\/store\/?post_type=product&#038;p=7530"},"modified":"2023-04-26T11:20:17","modified_gmt":"2023-04-26T09:20:17","slug":"strong-1000-g","status":"publish","type":"product","link":"https:\/\/specialcoffee.cz\/store\/produkt\/strong-1000-g\/","title":{"rendered":"Zrnkov\u00e1 k\u00e1va &#8220;Strong 1000 g&#8221;"},"content":{"rendered":"","protected":false},"excerpt":{"rendered":"<p><strong>50%ARABICA-50%ROBUSTA<\/strong><\/p>\n<p>Sladk\u00e1, vyv\u00e1\u017een\u00e1, aromatick\u00e1 k\u00e1vov\u00e1 sm\u011bs.<br \/>\nPotrp\u00ed si na nejn\u00e1ro\u010dn\u011bj\u0161\u00ed jaz\u00fd\u010dky<br \/>\np\u0159ekvapen\u00edm d\u00edky sv\u00e9mu pln\u00e9mu t\u011blu v poh\u00e1ru a<br \/>\np\u0159etrv\u00e1vaj\u00edc\u00ed chu\u0165 v \u00fastech. V\u011bnov\u00e1no<br \/>\nzejm\u00e9na pro ty, kte\u0159\u00ed maj\u00ed r\u00e1di espresso<br \/>\ns intenzivn\u00edm t\u011blem a silnou chut\u00ed.<\/p>\n<p><img loading=\"lazy\" decoding=\"async\" class=\"alignnone size-full wp-image-7535\" src=\"https:\/\/specialcoffee.cz\/store\/wp-content\/uploads\/2023\/03\/strong_caratterisstiche-548x200-1.jpg\" alt=\"\" width=\"548\" height=\"200\" srcset=\"https:\/\/specialcoffee.cz\/store\/wp-content\/uploads\/2023\/03\/strong_caratterisstiche-548x200-1.jpg 548w, https:\/\/specialcoffee.cz\/store\/wp-content\/uploads\/2023\/03\/strong_caratterisstiche-548x200-1-300x109.jpg 300w, https:\/\/specialcoffee.cz\/store\/wp-content\/uploads\/2023\/03\/strong_caratterisstiche-548x200-1-1x1.jpg 1w, https:\/\/specialcoffee.cz\/store\/wp-content\/uploads\/2023\/03\/strong_caratterisstiche-548x200-1-10x4.jpg 10w\" sizes=\"auto, (max-width: 548px) 100vw, 548px\" \/><\/p>\n","protected":false},"featured_media":7532,"comment_status":"open","ping_status":"closed","template":"","meta":[],"etheme_brands":[{"term_id":117,"name":"Aiello","slug":"aiello","term_group":0,"term_taxonomy_id":117,"taxonomy":"brand","description":"","parent":0,"count":22,"filter":"raw"}],"product_cat":[86,87,82,83,78,79],"product_tag":[],"class_list":{"0":"post-7530","1":"product","2":"type-product","3":"status-publish","4":"has-post-thumbnail","6":"brand-aiello","7":"product_cat-do-kancelare","8":"product_cat-zrnkova-kava-do-kancelare","9":"product_cat-kava-doma","10":"product_cat-zrnkova-kava-kava-doma","11":"product_cat-pro-kavarny","12":"product_cat-zrnkova-kava-pro-kavarny","14":"first","15":"instock","16":"taxable","17":"shipping-taxable","18":"purchasable","19":"product-type-simple"},"_links":{"self":[{"href":"https:\/\/specialcoffee.cz\/store\/wp-json\/wp\/v2\/product\/7530","targetHints":{"allow":["GET"]}}],"collection":[{"href":"https:\/\/specialcoffee.cz\/store\/wp-json\/wp\/v2\/product"}],"about":[{"href":"https:\/\/specialcoffee.cz\/store\/wp-json\/wp\/v2\/types\/product"}],"replies":[{"embeddable":true,"href":"https:\/\/specialcoffee.cz\/store\/wp-json\/wp\/v2\/comments?post=7530"}],"version-history":[{"count":4,"href":"https:\/\/specialcoffee.cz\/store\/wp-json\/wp\/v2\/product\/7530\/revisions"}],"predecessor-version":[{"id":7536,"href":"https:\/\/specialcoffee.cz\/store\/wp-json\/wp\/v2\/product\/7530\/revisions\/7536"}],"wp:featuredmedia":[{"embeddable":true,"href":"https:\/\/specialcoffee.cz\/store\/wp-json\/wp\/v2\/media\/7532"}],"wp:attachment":[{"href":"https:\/\/specialcoffee.cz\/store\/wp-json\/wp\/v2\/media?parent=7530"}],"wp:term":[{"taxonomy":"brand","embeddable":true,"href":"https:\/\/specialcoffee.cz\/store\/wp-json\/wp\/v2\/etheme_brands?post=7530"},{"taxonomy":"product_cat","embeddable":true,"href":"https:\/\/specialcoffee.cz\/store\/wp-json\/wp\/v2\/product_cat?post=7530"},{"taxonomy":"product_tag","embeddable":true,"href":"https:\/\/specialcoffee.cz\/store\/wp-json\/wp\/v2\/product_tag?post=7530"}],"curies":[{"name":"wp","href":"https:\/\/api.w.org\/{rel}","templated":true}]}}

Zrnková káva &#8220;Strong 1000 g&#8221;

<p><strong>50%ARABICA-50%ROBUSTA</strong></p>
<p>Sladká, vyvážená, aromatická kávová směs.<br />
Potrpí si na nejnáročnější jazýčky<br />
překvapením díky svému plnému tělu v poháru a<br />
přetrvávající chuť v ústech. Věnováno<br />
zejména pro ty, kteří mají rádi espresso<br />
s intenzivním tělem a silnou chutí.</p>
<p><img loading="lazy" decoding="async" class="alignnone size-full wp-image-7535" src="https://specialcoffee.cz/store/wp-content/uploads/2023/03/strong_caratterisstiche-548x200-1.jpg" alt="" width="548" height="200" srcset="https://specialcoffee.cz/store/wp-content/uploads/2023/03/strong_caratterisstiche-548x200-1.jpg 548w, https://specialcoffee.cz/store/wp-content/uploads/2023/03/strong_caratterisstiche-548x200-1-300x109.jpg 300w, https://specialcoffee.cz/store/wp-content/uploads/2023/03/strong_caratterisstiche-548x200-1-1x1.jpg 1w, https://specialcoffee.cz/store/wp-content/uploads/2023/03/strong_caratterisstiche-548x200-1-10x4.jpg 10w" sizes="auto, (max-width: 548px) 100vw, 548px" /></p>
